e w(-7).
-20
Let i(l) = 16*l**3 - l**2 - 25*l - 51. Let o(x) = 27*x**3 - 5*x**2 - 48*x - 102. Let a(s) = 5*i(s) - 3*o(s). Calculate a(12).
-9
Let j(k) = k**2 + 19*k + 50. Let y be j(-16). Let z(g) = -6*g**y - 13*g**2 - g + 16 - 15 + 0*g. What is z(1)?
-19
Suppose -2*r - 10 + 19 = -3*p, -29 = 5*p - r. Let g(i) = i**3 + 7*i**2 + i + 1. Determine g(p).
-6
Let v(s) = -s**2 - 34*s - 31. Let a(i) = -i**2 - 37*i - 29. Let d(q) = -6*a(q) + 7*v(q). Give d(-14).
-15
Let v(m) be the third derivative of -m**4/24 - 5*m**3/6 - 242*m**2. Determine v(-10).
5
Let l(p) = p**2 - 12. Let f(o) = 5*o**2 + 3*o + 6 - 7*o + o**3 - o. Suppose -7*y - 20 = 22. Let s be f(y). Determine l(s).
-12
Let w(i) be the third derivative of -5*i**4/8 - 8*i**3/3 - 3273*i**2 - 2*i. Give w(-4).
44
Let n = 66 + -41. Suppose 0*j - n = -5*j. Suppose -3*q - 4 = k - 5*q, -q = j*k + 31. Let r(z) = -2*z - 9. What is r(k)?
3
Suppose -3*b - 5*t + 29 = -0*b, -5*b + 2*t = -7. Suppose -3*a + 5*y = y - 6, 9 = b*y. Let f(p) = p**2 - 5*p. Determine f(a).
6
Let i(x) = 5*x**2 + 58*x + 19. Let z(a) = 3*a**2 + 26*a + 8. Let f(c) = -3*i(c) + 7*z(c). Calculate f(-2).
7
Let w(m) = -5*m + 39. Let i be (-77)/(-6) - 510/612. What is w(i)?
-21
Let y(u) = -18 - 32*u + 7*u**2 - 38*u - 2*u**2 + 33*u. Let x(c) = -c**2 + 9*c + 5. Let d(v) = -9*x(v) - 2*y(v). What is d(-6)?
-3
Let t(w) = 1057*w - 1255*w - w**2 + 190*w - 11. Suppose -5*s + 0*n - 20 = -n, 0 = -s + 3*n - 4. Give t(s).
5
Suppose 3*b + 1 = -5. Let o be -1 + 16 - 6/b. Suppose -9*a = -12*a + o. Let h(w) = w**2 - 8*w + 9. What is h(a)?
-3
Let b(y) = -y**3 - 5*y**2 + 6*y + 3. Let f = 247 - 246. Suppose w - f = 5*s - 2, -5 = w - s. What is b(w)?
3
Let i be (-10017)/147 + (-1)/(-7). Let m be i/(-51) - (-1)/(-3). Let z(w) = -m - 5*w + 3*w + w - w + 4*w**2. What is z(-1)?
5
Let z(o) = -7*o**2 + 15*o - 61. Let j(l) = -8*l**2 + 16*l - 71. Let w(v) = -6*j(v) + 7*z(v). Calculate w(10).
-11
Let y = -4291 - -4243. Let u(s) = -2*s - 89. What is u(y)?
7
Let t = -8 - -5. Let w = t - 2. Let z(y) = -18 + 30 - 17 + 3*y + 2*y - 3*y. What is z(w)?
-15
Suppose -74*t + 6028 = -96*t. Let k = t - -272. Let g(n) = 0*n + 3*n - 1 + 0*n. Calculate g(k).
-7
Let f(r) be the second derivative of -11*r**5/20 + r**4/12 - r**2/2 - r. Suppose -39*b - 595 + 634 = 0. Calculate f(b).
-11
Suppose -4*r - o = -28, r - 14 = 2*r - 5*o. Let f(w) = 55 - w**2 + 43 + r*w + 49 - 135. What is f(8)?
-4
Let s(x) = 6*x - 87*x**2 - 8*x - x + 88*x**2 + 22 + 9. What is s(4)?
35
Let k(g) be the third derivative of g**4/24 + 65*g**3/6 - 33*g**2 - 2*g + 10. What is k(-25)?
40
Let h(y) be the second derivative of -9*y**5/20 - y**2/2 - y. Suppose -305*o + 833*o - 808 = -280*o. Give h(o).
-10
Let d(p) = p**3 + 11*p**2 - 26*p - 11. Let t = 519 + -532. What is d(t)?
-11
Suppose 37*b = 33*b + 8. Let r(u) = 5 + u**3 - 1179*u + 1184*u - 7*u**2 - b. Give r(6).
-3
Let x be 19/(-7) - (-4)/(-14). Let p(s) be the first derivative of -s**3 - s**2/2 - 3*s - 3889. What is p(x)?
-27
Let n(d) be the third derivative of -d**4/8 - 19*d**3/6 + d**2 + 32*d. Let f(w) = 1. Let s(z) = 3*f(z) + n(z). What is s(-7)?
5
Let h(g) = -g**3 + 9*g**2 + 24*g + 24. Let l = -13165 + 13176. What is h(l)?
46
Let r(c) be the second derivative of c**3/6 + c**2/2 - 2*c. Let u = 12636 - 12633. What is r(u)?
4
Let c(j) be the first derivative of -1/2*j**2 + 2*j + 2. Let g(r) = -r**2 + 7*r - 10. Let x be g(3). Calculate c(x).
0
Let b = 17 - 22. Let d(i) = i**2 + 4*i - 4. Let r be d(b). Let m be r + (-2 + 6)/((-4)/2). Let q(o) = -3*o. Determine q(m).
3
Let t(q) = -q + 1. Let x(s) be the second derivative of s**3/2 + 17*s**2/2 - 2*s - 20. Let n(r) = 2*t(r) + x(r). Give n(-8).
11
Let x = 271059 - 271051. Let n(g) = -g**3 + 5*g**2 + g - 9. Let c(d) = -2*d**3 + 11*d**2 + 3*d - 17. Let p(j) = -3*c(j) + 5*n(j). Determine p(x).
-26
Suppose -17 + 228 + 235 = 446*v. Let q(s) be the third derivative of 2*s**4/3 - s**3/6 - s**2. Determine q(v).
15
Suppose 6*i + 2*s = 2*i + 14, 2*s = 2. Let c(k) = -400*k + 0*k**i + 412*k - 4*k**2 + 7 - k**3. Calculate c(-6).
7
Let z be (9 + -3 - (6 + -3)) + -4. Let r be (4/1 - z*16)/2. Suppose -r = 6*m - 2*m - 5*i, -5*m = -5*i + 10. Let o(t) = t**2 + t + 3. Give o(m).
3
Let f(k) = -1 + 1 - 6 - 20*k + 2 + 21*k. Let j be 26/(-8) - 1/(-4). Calculate f(j).
-7
Let q(i) = 16747 - 8403 - 8345 - 43*i. Determine q(1).
-44
Let k(i) = 4*i + 41664 - 83323 + 41656 + 4*i**3 - 5*i**2. Let a = -4 - -6. What is k(a)?
17
Suppose 3*x = -p - 3*p - 697, -2*x = 2*p + 462. Let y = -237 - x. Let h(v) = v + 14. Calculate h(y).
4
Let g(c) be the second derivative of -11/2*c**2 + 1/12*c**4 + 5/6*c**3 + 23 - 2*c. Determine g(-7).
3
Let y(l) be the third derivative of -17*l**5/60 + l**4/12 - l**3/6 + l**2 - 607. Let t be -1*1/(-2)*2. Give y(t).
-16
Suppose -3*b = -o - 541, -26*o = -25*o - b + 535. Let k = o - -538. Let f(d) = d**2 - 7*d + 1. Determine f(k).
-5
Let a be (0 - -1) + 15 + -15. Suppose a = 4*q - 3*q. Let w(k) = 167*k - 335*k + 18*k**3 + 167*k + k**2. Calculate w(q).
18
Let n(v) = v**3 - 3*v**2 - 198*v + 265. Let i be n(15). Let h(b) = -b**2 + 9*b + 38. Give h(i).
-32
Let t(p) = 22*p - 1. Let w(r) = r - 3. Let d(y) = 26*y + 10. Let f(n) = -d(n) - 4*w(n). Let c(m) = -3*f(m) - 4*t(m). What is c(8)?
14
Let g(r) be the second derivative of 8 - 3/2*r**3 - 3*r + 11/2*r**2 - 1/12*r**4. Give g(-11).
-11
Let d(l) = 12*l + 2. Suppose 24*i - 6 = -t + 26*i, -4*i - 10 = -t. Suppose 19*y - 11 = 5*o + 15*y, -3*o - t*y + 11 = 0. Give d(o).
14
Suppose 5*x - 15 - 140 = 0. Let d(n) = 2 - x*n + 32*n - 9 + n**2. Suppose 3*p - 2 = -t, 3*p - 2 = 7*p - t. What is d(p)?
-7
Let q(j) = j**2 + j - 1. Let g(p) = p**3 - 5*p**2 - p - 2. Let a(k) = -g(k) - 2*q(k). Suppose 0 = -0*w + 4*w - 2*h - 16, 2*w = -2*h + 2. Give a(w).
1
Let o(q) = q**3 + q**2 - 7*q - 6. Suppose 5*u = -4*m - 236, -5*u - 12 = -2*u. Let y(t) = -7*t - 9. Let h be y(7). Let b = h - m. Determine o(b).
-26
Let s(i) = 4*i - 2. Let k = 239 + -236. Let z = -5 + 5. Suppose -4*m = -k*m - a + 2, z = -4*m + 2*a. What is s(m)?
6
Let b = 6 - -2. Let y be 7*-2*4/b. Let s(o) be the first derivative of -o**4/4 - 7*o**3/3 + o**2/2 - 2*o - 94. Calculate s(y).
-9
Let m(g) = -g**2 - 2*g - 2. Suppose l - 27*l + 364 = 0. Suppose 5*i = 4*b + 21, l*b = 17*b - 3*i + 15. What is m(b)?
-10
Let p(s) = 7*s - 3. Let r = 51 - 43. Suppose -r*f - 198 = -19*f. Let q = 21 - f. Calculate p(q).
18
Let h(n) = n**2 - 23*n + 13. Let i(l) = -l**3 - 20*l**2 - 75*l - 167. Let j be i(-16). Calculate h(j).
-113
Let p(c) = 16*c - 1. Let l(u) = -u**2 - 8*u + 107. Suppose 10*m = 30*m + 300. Let x be l(m). Give p(x).
31
Let o(b) = 3*b + 6. Let y = 586 - 583. Let d be 2 - y - (1 - -1). Determine o(d).
-3
Let f(u) = 7*u + 6. Let v be (-1 + 2)*(5 - 6) - -10. Calculate f(v).
69
Let f(g) = -2*g**3 + 2*g**2 + g + 1. Let l(d) = 7*d + 11. Let t be l(-1). Suppose a - 9*a = t*a. Let n be 3/3 - (-2 + (1 - a)). Give f(n).
-5
Let m(a) = -2*a + 1. Let l = 163 - 293. Let x = l + 127. Calculate m(x).
7
Let b(j) = -3*j - 16. Suppose -7*k - 28 = 21. Let p be b(k). Let f(u) = -4*u + 2 + 0*u + p*u + 2. Determine f(-5).
-1
Let w be -23 + 17 - (3 + -4). Let g(i) = -i**2 + 8*i + 12. Give g(w).
-53
Let t(m) = -9*m**2 + 9*m - 77. Let b(s) = 4*s**2 - s + 35. Let d(w) = 7*b(w) + 3*t(w). What is d(-12)?
-82
Suppose 0*q + 2*q - 4 = -a, 2*q - 2*a + 2 = 0. Let w(n) = -6*n**3 - 2*n**2 - 5*n + 1. Let j(k) = k**2 + k. Let g(z) = 3*j(z) + w(z). Determine g(q).
-6
Let y(t) = -t**2 - t + 30. Let m = -243 + 159. Let l = m + 84. Calculate y(l).
30
Let n(w) = w. Suppose 4*a = -2*y + 66, -88 + 25 = -3*y + 3*a. Let g be (-4)/14 - 284/(-14). Let r = y - g. Calculate n(r).
5
Let z(i) = 235*i - i**2 + 7 + 229*i - 927*i + 235*i + 225*i. Let d = -17 + 12. Calculate z(d).
-3
Let t(g) = 6*g - 72. Suppose -39 = -3*a + 2*b, -4649*a = -4648*a - 3*b - 13. Give t(a).
6
Let s = 622 + -610. Let c be (-63)/s*(-4)/(-3). Let t(k) = 2*k**2 + 11*k + 9. Calculate t(c).
30
Let u(f) = -1448*f**2 - 1464*f**2 + 5*f + 141 + 4367*f**2 - 1456*f**2. Give u(-9).
15
Let b(t) be the third derivative of -t**4/4 + 7*t**3/3 + 3441*t**2. Calculate b(8).
-34
Let a(g) = g**2 - 8*g - 12. Let t = 194 - 192. Suppose -t*w = -5*w + 27. Determine a(w).
-3
Let m(h) = -87 + 14*h - 86 - 116 - 38*h - 52. Give m(-14).
-5
Let c(z) = 3*z**2 - 18542